{"id":227,"date":"2022-04-26T21:57:22","date_gmt":"2022-04-26T19:57:22","guid":{"rendered":"https:\/\/uebersetzungen-karafiat.com\/wordpress\/?page_id=227"},"modified":"2023-05-08T07:37:36","modified_gmt":"2023-05-08T05:37:36","slug":"rates","status":"publish","type":"page","link":"https:\/\/uebersetzungen-karafiat.com\/wordpress\/rates\/","title":{"rendered":"Rates"},"content":{"rendered":"\n<p>The basic rate amounts to 1 Eurocent (\u20ac0.01) per character, i.e. 15 Euro per standard page as used by the VG Wort, a German copyright collective (equals to 1,500 characters incl. spaces) while the question whether the rate should be related to the source or target text is negotiable. If your text is more specialised, a surcharge amounting to 30 % of the basic price will apply.<\/p>\n\n\n\n<p>Further surcharges apply if you wish your translation to get delivered faster. For a delivery within 48 hours a surcharge amounting to 50 % of the &#8222;service&#8220; price will apply, for a delivery within 24 hours this surcharge will amount to 100 % of the &#8222;service&#8220; price. (In case of a general text translation, this price equals to the basic rate, in case of a more specialised source text translation it consists of the basic rate and the specialised text surcharge.) <\/p>\n\n\n\n<p>Should your text undercut the border value of 1,500 characters incl. spaces, the price is negotiable.<\/p>\n\n\n\n<p>Additionally, I also offer proofreading of German and Czech texts. The rate for this service amounts to 50 % of the respective translation rate.<\/p>\n\n\n\n<p>Please note: These rates do not apply to certified (also known as sworn) translations. Those are priced according to Section 11 of the German Law on Remuneration of Witnesses and Experts [Gesetz \u00fcber die Verg\u00fctung von Sachverst\u00e4ndigen, Dolmetscherinnen, Dolmetschern, \u00dcbersetzerinnen und \u00dcbersetzern sowie die Entsch\u00e4digung von ehrenamtlichen Richterinnen, ehrenamtlichen Richtern, Zeuginnen, Zeugen und Dritten (Justizverg\u00fctungs- und -entsch\u00e4digungsgesetz &#8211; JVEG)]. The rates are stipulated there as follows:<\/p>\n\n\n\n<ul class=\"wp-block-list\">\n<li>Electronically editable text &#8211; 1,80 Euros per 55 characters<\/li>\n\n\n\n<li>Electronically uneditable text &#8211; 1,95 Euros per 55 characters<\/li>\n\n\n\n<li>Electronically editable text, express delivery necessary &#8211; 1,95 Euros per 55 characters<\/li>\n\n\n\n<li>Electronically uneditable text, express delivery necessary &#8211; 2,10 Euros per 55 characters<\/li>\n<\/ul>\n","protected":false},"excerpt":{"rendered":"<p>The basic rate amounts to 1 Eurocent (\u20ac0.01) per character, i.e. 15 Euro per standard page as used by the VG Wort, a German copyright collective (equals to 1,500 characters incl. spaces) while the question whether the rate should be related to the source or target text is negotiable. If your text is more specialised, [&hellip;]<\/p>\n","protected":false},"author":1,"featured_media":0,"parent":0,"menu_order":0,"comment_status":"closed","ping_status":"closed","template":"","meta":{"footnotes":""},"class_list":["post-227","page","type-page","status-publish","hentry"],"yoast_head":"<!-- This site is optimized with the Yoast SEO plugin v25.3.1 - https:\/\/yoast.com\/wordpress\/plugins\/seo\/ -->\n<title>Rates - Nikola Karafiat - \u00dcbersetzungen<\/title>\n<meta name=\"robots\" content=\"index, follow, max-snippet:-1, max-image-preview:large, max-video-preview:-1\" \/>\n<link rel=\"canonical\" href=\"https:\/\/uebersetzungen-karafiat.com\/wordpress\/rates\/\" \/>\n<meta property=\"og:locale\" content=\"de_DE\" \/>\n<meta property=\"og:type\" content=\"article\" \/>\n<meta property=\"og:title\" content=\"Rates - Nikola Karafiat - \u00dcbersetzungen\" \/>\n<meta property=\"og:description\" content=\"The basic rate amounts to 1 Eurocent (\u20ac0.01) per character, i.e. 15 Euro per standard page as used by the VG Wort, a German copyright collective (equals to 1,500 characters incl. spaces) while the question whether the rate should be related to the source or target text is negotiable. If your text is more specialised, [&hellip;]\" \/>\n<meta property=\"og:url\" content=\"https:\/\/uebersetzungen-karafiat.com\/wordpress\/rates\/\" \/>\n<meta property=\"og:site_name\" content=\"Nikola Karafiat - \u00dcbersetzungen\" \/>\n<meta property=\"article:publisher\" content=\"https:\/\/www.facebook.com\/nkarafiat\" \/>\n<meta property=\"article:modified_time\" content=\"2023-05-08T05:37:36+00:00\" \/>\n<meta name=\"twitter:card\" content=\"summary_large_image\" \/>\n<meta name=\"twitter:label1\" content=\"Gesch\u00e4tzte Lesezeit\" \/>\n\t<meta name=\"twitter:data1\" content=\"1\u00a0Minute\" \/>\n<script type=\"application\/ld+json\" class=\"yoast-schema-graph\">{\"@context\":\"https:\/\/schema.org\",\"@graph\":[{\"@type\":\"WebPage\",\"@id\":\"https:\/\/uebersetzungen-karafiat.com\/wordpress\/rates\/\",\"url\":\"https:\/\/uebersetzungen-karafiat.com\/wordpress\/rates\/\",\"name\":\"Rates - Nikola Karafiat - \u00dcbersetzungen\",\"isPartOf\":{\"@id\":\"https:\/\/uebersetzungen-karafiat.com\/wordpress\/#website\"},\"datePublished\":\"2022-04-26T19:57:22+00:00\",\"dateModified\":\"2023-05-08T05:37:36+00:00\",\"breadcrumb\":{\"@id\":\"https:\/\/uebersetzungen-karafiat.com\/wordpress\/rates\/#breadcrumb\"},\"inLanguage\":\"de\",\"potentialAction\":[{\"@type\":\"ReadAction\",\"target\":[\"https:\/\/uebersetzungen-karafiat.com\/wordpress\/rates\/\"]}]},{\"@type\":\"BreadcrumbList\",\"@id\":\"https:\/\/uebersetzungen-karafiat.com\/wordpress\/rates\/#breadcrumb\",\"itemListElement\":[{\"@type\":\"ListItem\",\"position\":1,\"name\":\"Startseite\",\"item\":\"https:\/\/uebersetzungen-karafiat.com\/wordpress\/\"},{\"@type\":\"ListItem\",\"position\":2,\"name\":\"Rates\"}]},{\"@type\":\"WebSite\",\"@id\":\"https:\/\/uebersetzungen-karafiat.com\/wordpress\/#website\",\"url\":\"https:\/\/uebersetzungen-karafiat.com\/wordpress\/\",\"name\":\"Nikola Karafiat - \u00dcbersetzungen\",\"description\":\"\",\"publisher\":{\"@id\":\"https:\/\/uebersetzungen-karafiat.com\/wordpress\/#organization\"},\"potentialAction\":[{\"@type\":\"SearchAction\",\"target\":{\"@type\":\"EntryPoint\",\"urlTemplate\":\"https:\/\/uebersetzungen-karafiat.com\/wordpress\/?s={search_term_string}\"},\"query-input\":{\"@type\":\"PropertyValueSpecification\",\"valueRequired\":true,\"valueName\":\"search_term_string\"}}],\"inLanguage\":\"de\"},{\"@type\":\"Organization\",\"@id\":\"https:\/\/uebersetzungen-karafiat.com\/wordpress\/#organization\",\"name\":\"Nikola Karafiat - \u00dcbersetzungen\",\"url\":\"https:\/\/uebersetzungen-karafiat.com\/wordpress\/\",\"logo\":{\"@type\":\"ImageObject\",\"inLanguage\":\"de\",\"@id\":\"https:\/\/uebersetzungen-karafiat.com\/wordpress\/#\/schema\/logo\/image\/\",\"url\":\"https:\/\/i0.wp.com\/uebersetzungen-karafiat.com\/wordpress\/wp-content\/uploads\/2024\/04\/Logo-Katalog-WA-PNG.png?fit=633%2C748&ssl=1\",\"contentUrl\":\"https:\/\/i0.wp.com\/uebersetzungen-karafiat.com\/wordpress\/wp-content\/uploads\/2024\/04\/Logo-Katalog-WA-PNG.png?fit=633%2C748&ssl=1\",\"width\":633,\"height\":748,\"caption\":\"Nikola Karafiat - \u00dcbersetzungen\"},\"image\":{\"@id\":\"https:\/\/uebersetzungen-karafiat.com\/wordpress\/#\/schema\/logo\/image\/\"},\"sameAs\":[\"https:\/\/www.facebook.com\/nkarafiat\"]}]}<\/script>\n<!-- \/ Yoast SEO plugin. -->","yoast_head_json":{"title":"Rates - Nikola Karafiat - \u00dcbersetzungen","robots":{"index":"index","follow":"follow","max-snippet":"max-snippet:-1","max-image-preview":"max-image-preview:large","max-video-preview":"max-video-preview:-1"},"canonical":"https:\/\/uebersetzungen-karafiat.com\/wordpress\/rates\/","og_locale":"de_DE","og_type":"article","og_title":"Rates - Nikola Karafiat - \u00dcbersetzungen","og_description":"The basic rate amounts to 1 Eurocent (\u20ac0.01) per character, i.e. 15 Euro per standard page as used by the VG Wort, a German copyright collective (equals to 1,500 characters incl. spaces) while the question whether the rate should be related to the source or target text is negotiable. If your text is more specialised, [&hellip;]","og_url":"https:\/\/uebersetzungen-karafiat.com\/wordpress\/rates\/","og_site_name":"Nikola Karafiat - \u00dcbersetzungen","article_publisher":"https:\/\/www.facebook.com\/nkarafiat","article_modified_time":"2023-05-08T05:37:36+00:00","twitter_card":"summary_large_image","twitter_misc":{"Gesch\u00e4tzte Lesezeit":"1\u00a0Minute"},"schema":{"@context":"https:\/\/schema.org","@graph":[{"@type":"WebPage","@id":"https:\/\/uebersetzungen-karafiat.com\/wordpress\/rates\/","url":"https:\/\/uebersetzungen-karafiat.com\/wordpress\/rates\/","name":"Rates - Nikola Karafiat - \u00dcbersetzungen","isPartOf":{"@id":"https:\/\/uebersetzungen-karafiat.com\/wordpress\/#website"},"datePublished":"2022-04-26T19:57:22+00:00","dateModified":"2023-05-08T05:37:36+00:00","breadcrumb":{"@id":"https:\/\/uebersetzungen-karafiat.com\/wordpress\/rates\/#breadcrumb"},"inLanguage":"de","potentialAction":[{"@type":"ReadAction","target":["https:\/\/uebersetzungen-karafiat.com\/wordpress\/rates\/"]}]},{"@type":"BreadcrumbList","@id":"https:\/\/uebersetzungen-karafiat.com\/wordpress\/rates\/#breadcrumb","itemListElement":[{"@type":"ListItem","position":1,"name":"Startseite","item":"https:\/\/uebersetzungen-karafiat.com\/wordpress\/"},{"@type":"ListItem","position":2,"name":"Rates"}]},{"@type":"WebSite","@id":"https:\/\/uebersetzungen-karafiat.com\/wordpress\/#website","url":"https:\/\/uebersetzungen-karafiat.com\/wordpress\/","name":"Nikola Karafiat - \u00dcbersetzungen","description":"","publisher":{"@id":"https:\/\/uebersetzungen-karafiat.com\/wordpress\/#organization"},"potentialAction":[{"@type":"SearchAction","target":{"@type":"EntryPoint","urlTemplate":"https:\/\/uebersetzungen-karafiat.com\/wordpress\/?s={search_term_string}"},"query-input":{"@type":"PropertyValueSpecification","valueRequired":true,"valueName":"search_term_string"}}],"inLanguage":"de"},{"@type":"Organization","@id":"https:\/\/uebersetzungen-karafiat.com\/wordpress\/#organization","name":"Nikola Karafiat - \u00dcbersetzungen","url":"https:\/\/uebersetzungen-karafiat.com\/wordpress\/","logo":{"@type":"ImageObject","inLanguage":"de","@id":"https:\/\/uebersetzungen-karafiat.com\/wordpress\/#\/schema\/logo\/image\/","url":"https:\/\/i0.wp.com\/uebersetzungen-karafiat.com\/wordpress\/wp-content\/uploads\/2024\/04\/Logo-Katalog-WA-PNG.png?fit=633%2C748&ssl=1","contentUrl":"https:\/\/i0.wp.com\/uebersetzungen-karafiat.com\/wordpress\/wp-content\/uploads\/2024\/04\/Logo-Katalog-WA-PNG.png?fit=633%2C748&ssl=1","width":633,"height":748,"caption":"Nikola Karafiat - \u00dcbersetzungen"},"image":{"@id":"https:\/\/uebersetzungen-karafiat.com\/wordpress\/#\/schema\/logo\/image\/"},"sameAs":["https:\/\/www.facebook.com\/nkarafiat"]}]}},"jetpack_sharing_enabled":true,"_links":{"self":[{"href":"https:\/\/uebersetzungen-karafiat.com\/wordpress\/wp-json\/wp\/v2\/pages\/227","targetHints":{"allow":["GET"]}}],"collection":[{"href":"https:\/\/uebersetzungen-karafiat.com\/wordpress\/wp-json\/wp\/v2\/pages"}],"about":[{"href":"https:\/\/uebersetzungen-karafiat.com\/wordpress\/wp-json\/wp\/v2\/types\/page"}],"author":[{"embeddable":true,"href":"https:\/\/uebersetzungen-karafiat.com\/wordpress\/wp-json\/wp\/v2\/users\/1"}],"replies":[{"embeddable":true,"href":"https:\/\/uebersetzungen-karafiat.com\/wordpress\/wp-json\/wp\/v2\/comments?post=227"}],"version-history":[{"count":2,"href":"https:\/\/uebersetzungen-karafiat.com\/wordpress\/wp-json\/wp\/v2\/pages\/227\/revisions"}],"predecessor-version":[{"id":268,"href":"https:\/\/uebersetzungen-karafiat.com\/wordpress\/wp-json\/wp\/v2\/pages\/227\/revisions\/268"}],"wp:attachment":[{"href":"https:\/\/uebersetzungen-karafiat.com\/wordpress\/wp-json\/wp\/v2\/media?parent=227"}],"curies":[{"name":"wp","href":"https:\/\/api.w.org\/{rel}","templated":true}]}}